 7*c + 32. Let t be z(-12). Let g = 24307 - t. Is g composite?
False
Suppose -25 = -5*b, 0 = k - 5*b - 757 + 237. Let s = k - 266. Suppose 5*q - s = -4. Is q prime?
False
Let a(m) = m**3 - 44*m**2 - 2*m - 101. Suppose 31*p - 23*p = 368. Is a(p) a prime number?
False
Let g be (-153)/6*(-10)/(-15). Let m(d) = -d**2 - 19*d - 39. Let o be m(g). Is 3 + o/(5/(-682)) composite?
True
Suppose -8*s + 6*s + 3*z = -12, -3*s + 5*z + 19 = 0. Suppose -5*d - s*c = -970, -22*d - 784 = -26*d - 4*c. Is d a prime number?
True
Let d(a) = 2*a**3 + 4*a**2 - 2. Let c be d(1). Let o be 1/3 - 12968/(-12). Suppose 3*f - c*k = o, -f + 4*f = k + 1069. Is f a prime number?
False
Suppose 4*v = d + 14, 3*d + d = -4*v + 4. Let m be v*(1 + 0) + 3. Suppose -m*l + 2676 = -2970. Is l prime?
True
Let f(b) = 512*b - 59. Let r = -16 + 20. Let x = r - -2. Is f(x) composite?
True
Let d be (-113270)/(-18) - 28/(-126). Suppose 989 = 2*h - d. Is h a composite number?
True
Let w(y) = 92*y**3 + 6*y**2 - 3*y + 29. Let j(b) = -46*b**3 - 3*b**2 + 2*b - 14. Let z = -116 + 112. Let k(n) = z*w(n) - 9*j(n). Is k(3) composite?
True
Let c = 103151 - 68128. Is c a prime number?
True
Let i = 1668 - 378. Suppose 0 = b - 4*b - i. Let m = 821 + b. Is m a prime number?
False
Let r be ((-236435)/15 + 1)*(-3)/2. Suppose s - r = 7957. Suppose 6*n + 3*n = s. Is n a prime number?
True
Is (27926/5)/(114/(-399) - 48/(-70)) a prime number?
True
Suppose -4*d = d - 5*c - 5, 0 = c + 1. Suppose d = 4*m - m. Suppose 4*j = -m*j + 332. Is j composite?
False
Let a(y) = -7116*y + 2083. Is a(-51) a prime number?
False
Let q(t) = -243*t + 16. Let m be q(-4). Let h = -519 + m. Is h a composite number?
True
Suppose -83*z + 4639111 = -22*z. Is z composite?
True
Suppose 5*b - 304 + 2362 = -x, 2*b - 3*x + 830 = 0. Let l = b + 859. Is l prime?
False
Is (-10)/(4/14 + (-1012100)/3540929) a prime number?
False
Let m be ((-27)/(-12))/(8/576). Let a = m - 148. Suppose -a*l = -2315 - 3971. Is l prime?
True
Let y = 256110 + -142715. Is y composite?
True
Let m = 104492 - 52203. Is m a composite number?
False
Suppose 104*g = 89*g + 133275. Is g prime?
False
Let z(x) = -10345*x - 633. Is z(-34) a composite number?
False
Suppose g + 55 = 77. Suppose -27*p + 168217 = g*p. Is p a composite number?
False
Let c be (9 + 9)/(2*-1). Let m = c + 896. Is m a composite number?
False
Let r(n) = 81416*n - 18. Let k be r(3). Suppose 31*i - 343127 = k. Is i a composite number?
False
Let j(q) = 3*q**2 + 6*q - 3. Let p be j(1). Is 2*p/(-20) - 888976/(-110) a prime number?
True
Let n(b) = 227*b + 11. Let h(o) = -2*o - 26. Let q be h(-19). Suppose 34*m + q = 37*m. Is n(m) a prime number?
True
Let u(j) = 54095*j - 5272. Is u(7) composite?
False
Suppose -974143 = -69*b + 4215623. Is b composite?
True
Suppose 91176 = 3*w + p, 5*w - 205196 + 53236 = 5*p. Suppose g - w = 17385. Is g composite?
False
Suppose -4*h = 3*k - 168160, -324 = h - k - 42371. Is h a composite number?
False
Let s be ((-276)/(-9) - 4)*9/(-2). Let y be (1035/(-6) + 3)/(9/s). Suppose 10381 - y = 3*g. Is g prime?
True
Is 196/(-140) + 1271244/10 a composite number?
False
Suppose 153*i - 149*i - x - 1776295 = 0, 0 = 3*i - x - 1332222. Is i composite?
True
Let o(r) = r**3 + 18*r**2 + 11*r + 6. Let q be o(-16). Let s = 1214 - q. Suppose -2*j = 58 - s. Is j prime?
False
Let o(v) = -v**2 + v + 34187. Is o(0) prime?
False
Let y = -46 + -11. Let r = -72 - y. Is 1777 + -5 - r/3 a prime number?
True
Let z be 50/10 - (3 - -2). Suppose 5*s - 4*r - 50031 = z, 4*r + 9552 - 59591 = -5*s. Is s a composite number?
False
Let m = 9 + -2. Let p be (6/m)/((-4)/(-21))*494. Let g = p - 826. Is g prime?
False
Suppose -21*h + 8*h = -3876023 - 3435684. Is h a composite number?
False
Let c(y) = -5*y + 117. Let r be c(23). Suppose 2046 + 4237 = 5*w + 3*u, 5*w + r*u - 6287 = 0. Is w a composite number?
False
Suppose 2*v + 5902 = 148. Suppose 2*o = 10*o + 15824. Let h = o - v. Is h a prime number?
False
Let g = 68568 - 44651. Is g a composite number?
False
Suppose -13*i = -175*i + 44695314. Is i composite?
False
Let r = 37179 - -38782. Is r composite?
True
Let i be (-459215)/(-65) + (-4)/(-26). Suppose 0 = 3*x, 0 = -2*k - k + 4*x + i. Suppose 4*j - j - k = 0. Is j a composite number?
True
Let z = -2 + 482. Suppose -2*m - 7*s + 214 = -3*s, s + z = 5*m. Suppose x - 48 = m. Is x a composite number?
True
Let q = 75467 - 42318. Is q prime?
True
Let m(r) = -r**3 + 14*r**2 - 34*r - 6. Let j be m(9). Is (589/j)/((-2)/(-582)) prime?
False
Let m be (-1)/(-4) - 675/(-36). Suppose -29327 = m*h - 20*h. Is h composite?
False
Suppose -2*p + 5*n = 1, -p = -n + 2 + 3. Let u be (13/52)/((-2)/p). Is u/(-9) + 13696/144 composite?
True
Is (8 - (-2990323)/42)/((-11)/6 + 2) a composite number?
False
Let h be (-183)/21 - (-2)/(-7). Let j(c) = c**3 + 9*c**2 - c - 11. Let r be j(h). Is 5*41 - (-2 + r) a prime number?
False
Let c be ((-2)/7 - 161/(-49))*2. Suppose 3*p = 3*a + 57, 0 = -2*a - c*p + 2*p - 32. Is (-9)/(a/(-8)) + 413 a composite number?
False
Let t(x) = 48*x - 2. Let i(y) = y**3 + 7*y**2 - 4*y - 10. Let b be i(-7). Let f be t(b). Let g = f + -599. Is g a prime number?
True
Let o(n) = -488*n**3 + 9*n**2 + 19*n - 27. Is o(-8) a composite number?
False
Let l = -352 + 676. Let u = l + 655. Let n = -564 + u. Is n a composite number?
True
Suppose 0 = -8*f - 0 + 24. Suppose -k + 1616 = -p - 2*p, 0 = -p + 1. Suppose -f*v + k + 274 = 0. Is v prime?
True
Let f be 7/7*(-4)/6*-3. Suppose n + 5316 = f*n. Suppose n = 16*a - 4*a. Is a a composite number?
False
Suppose -4*a - 9 = -37. Suppose 0 = 12*v - a*v - 43545. Is v a composite number?
True
Let a(s) = 110*s**2 - 102*s + 57. Let q be a(-20). Let d = -18364 + q. Is d a prime number?
True
Suppose 4*l + 95968 = 8*l. Suppose -l = -5*y - 3*y. Is y a prime number?
True
Let u(s) = -6*s**2 + 22*s - 25. Let c(w) = 3*w**2 - 11*w + 13. Let y(l) = -11*c(l) - 6*u(l). Let z be y(5). Suppose 23*g + 904 = z*g. Is g prime?
False
Let k = -81 - -60. Let m(s) = -7*s + 64. Is m(k) composite?
False
Is 17/51*-3*(-2 + -91649) composite?
True
Let c(i) = -19*i**3 - 17*i**2 + 20. Let w be c(-9). Suppose 2*f = -0*f + w. Is f composite?
False
Suppose 2*n - 486888 = -4*w, -24*n - 243434 = -2*w - 20*n. Is w prime?
True
Let f = 6194 - 3284. Let w = 8129 - f. Is w prime?
False
Suppose 8*g + 4093 = 22429. Is 11/(-77)*7 + 6*g a prime number?
True
Let p = 8812 + -851. Is p a composite number?
True
Let i(y) = 4287*y**2 - 184*y + 165. Is i(-14) composite?
False
Let f(s) = s**2 + 8*s - 11. Suppose -3*z = -6*z - 30. Let n be f(z). Let v(r) = 3*r**3 - r**2 + 5*r - 34. Is v(n) composite?
True
Suppose -185*u = 5*r - 183*u - 456021, -5*u = -3*r + 273656. Is r a composite number?
True
Let q = 49433 - 2626. Is q prime?
True
Let b(n) = -152*n - 7. Let l be b(-10). Let h(s) = 1547 + s + 3293 + l + s. Is h(0) composite?
False
Let x(v) be the second derivative of -3*v**5/20 + 5*v**4/12 + 5*v**3/6 + 2*v**2 - 116*v - 1. Let o(f) = -f**2 - 7*f - 5. Let l be o(-7). Is x(l) prime?
True
Let f(p) = -p**3 - 6*p**2 + 9*p - 7. Let i be f(9). Let r = i - -188. Let u = r + 1944. Is u a prime number?
True
Let c(d) = 79*d**2 - 14*d - 55. Is c(-18) composite?
False
Let i(y) = -y**2 + 31*y + 68. Let j be i(33). Is (-73695)/(-45) - ((-4)/3 + j) composite?
False
Suppose -597234 = -3*c + 5*u, -182*u = -3*c - 180*u + 597225. Is c prime?
False
Let v be (-17)/(-3) - 1/(-3). Suppose -20461 = -v*n + 6161. Suppose -n = -4*h - 5*h. Is h composite?
True
Suppose 8*k = 1 + 15. Is -6988*-2*k/8 prime?
False
Suppose 4*x = -5*x + 405. Suppose 0 = 40*z - x*z + 3015. Let f = 1292 - z. Is f prime?
False
Let v(n) = 2*n**2 + 19*n + 11. Let y be v(-23). Let q = 2611 - y. Is q a prime number?
True
Let a = 507 + -491. Suppose -a*r + 58352 - 18304 = 0. Is r a composite number?
False
Suppose 18*u + 4*n = 13*u + 215905, -4*u + 4*n = -172724. Is u a prime number?
False
Let f be (-1355)/(944/64 - 16). Let t be 0 + (-1 - 0) + -194. Let o = t + f. Is o composite?
True
Let x(s) = -5*s**2 + 14*s + 3. Let b(r) = -11*r**2 + 28*r + 6. Let h(i) = 6*b(i) - 13*x(i). Let k be h(-14). Is 7490/5 - (2 + k) a prime number?
True
Suppose -35 = -6*z + 325. Let m be (-4)/10 + 204/z. Suppose -m*p = 4*l - 4327, -4*l + 8*p + 4319 = 3*p. Is l a composite number?
True
Let x be 1/5 + 3/(-15). Let w = x + -10. Let